False
Is 2658101 a prime number?
True
Is 29001958 a composite number?
True
Is 43443799 a prime number?
False
Is 565427 a prime number?
True
Is 72903793 a prime number?
True
Is 207617 prime?
False
Is 213899771 composite?
True
Is 85974907 a composite number?
True
Is 476783 a prime number?
True
Is 93231403 prime?
True
Is 48197129 composite?
True
Is 145394803 a prime number?
False
Is 5884309 a composite number?
False
Is 121214651 composite?
False
Is 803339 prime?
False
Is 11717773 composite?
False
Is 11497649 composite?
False
Is 29141011 composite?
True
Is 41778889 prime?
True
Is 478481 a prime number?
True
Is 1619021 composite?
False
Is 6885251 prime?
True
Is 406859 composite?
False
Is 5220353 a prime number?
True
Is 107151713 a prime number?
True
Is 386569 a composite number?
False
Is 443489 a composite number?
False
Is 587771 a prime number?
True
Is 5025577 composite?
True
Is 19888513 composite?
True
Is 2939473 prime?
True
Is 786953 a prime number?
False
Is 297481 a prime number?
True
Is 574003 a composite number?
False
Is 10560509 composite?
False
Is 2046607 a composite number?
False
Is 42245753 composite?
True
Is 1914805 a composite number?
True
Is 304369573 prime?
True
Is 168803 a prime number?
True
Is 23422909 a prime number?
True
Is 32849389 a composite number?
True
Is 120544601 composite?
True
Is 807843 a composite number?
True
Is 12697651 prime?
True
Is 690749 a prime number?
False
Is 14573281 a prime number?
True
Is 27479591 a prime number?
False
Is 29056711 a prime number?
False
Is 14017583 composite?
False
Is 8942671 prime?
True
Is 10538359 a prime number?
False
Is 12542791 a composite number?
False
Is 1436377 composite?
True
Is 140418307 composite?
False
Is 59746861 a composite number?
False
Is 1532012309 a composite number?
False
Is 4225345 a prime number?
False
Is 8341153 a prime number?
True
Is 203138129 a composite number?
True
Is 1659314 prime?
False
Is 2380009 a composite number?
True
Is 1009191 composite?
True
Is 186163511 a composite number?
False
Is 663071867 a composite number?
False
Is 66190153 prime?
False
Is 1020603 composite?
True
Is 8399747 a composite number?
True
Is 42119201 a prime number?
True
Is 133804123 composite?
False
Is 321138611 a composite number?
True
Is 108244429 prime?
True
Is 2041223939 prime?
True
Is 103971773 prime?
True
Is 2221477 prime?
False
Is 175455613 prime?
False
Is 164614127 a composite number?
False
Is 26775941 prime?
True
Is 20748803 a prime number?
True
Is 793021 prime?
False
Is 12458317 composite?
False
Is 494704061 prime?
True
Is 27321517 prime?
True
Is 348037733 prime?
False
Is 1940107 composite?
True
Is 83522267 a composite number?
True
Is 5495813 composite?
False
Is 619183 a composite number?
True
Is 20473955 composite?
True
Is 54397527 a prime number?
False
Is 1832929 composite?
True
Is 1383479 a composite number?
False
Is 8856713 composite?
False
Is 12190751 prime?
False
Is 4274627 composite?
True
Is 9038189 a composite number?
False
Is 12737279 a composite number?
False
Is 63477163 a prime number?
False
Is 8065471 a prime number?
True
Is 386467 a prime number?
False
Is 31618751 composite?
False
Is 30460141 a composite number?
True
Is 1634069 composite?
False
Is 200623883 composite?
False
Is 19865213 prime?
False
Is 39859513 a prime number?
True
Is 626717563 prime?
False
Is 225783907 a prime number?
True
Is 4258531 a composite number?
False
Is 352824629 composite?
True
Is 1965787 prime?
False
Is 17917069 a composite number?
True
Is 129553 a composite number?
False
Is 1602637 composite?
False
Is 5518829 a prime number?
False
Is 1141333 prime?
False
Is 11969834 prime?
False
Is 57149786 prime?
False
Is 5158423 a composite number?
False
Is 12621691 a prime number?
False
Is 178643119 composite?
False
Is 925339 prime?
True
Is 30264809 composite?
True
Is 14933197 prime?
False
Is 3744941 a composite number?
False
Is 730680221 a composite number?
False
Is 137767 a composite number?
True
Is 2056421 prime?
True
Is 810949 prime?
True
Is 149757 a prime number?
False
Is 141373871 prime?
False
Is 2397503 prime?
True
Is 52535621 composite?
True
Is 3211629 a composite number?
True
Is 5724097 composite?
False
Is 196462549 a prime number?
False
Is 10457179 a composite number?
False
Is 28437727 a composite number?
False
Is 278104087 a prime number?
True
Is 104333053 a composite number?
True
Is 1045903 composite?
False
Is 7855867 a prime number?
False
Is 480529897 prime?
True
Is 116986043 prime?
True
Is 85250989 a prime number?
False
Is 50681711 a composite number?
False
Is 574477 prime?
True
Is 1047367 a prime number?
True
Is 826394 composite?
True
Is 10359067 composite?
True
Is 5980967 composite?
False
Is 42730859 a composite number?
True
Is 18182042 composite?
True
Is 1240219 a composite number?
False
Is 49383613 a prime number?
True
Is 127169813 composite?
True
Is 13324793 prime?
False
Is 1096951 prime?
True
Is 57994537 composite?
False
Is 327004397 a composite number?
True
Is 34198279 a composite number?
True
Is 17552303 a prime number?
False
Is 1438702 a prime number?
False
Is 73706383 composite?
False
Is 44209537 a prime number?
False
Is 32026987 a composite number?
True
Is 16986191 composite?
True
Is 1793851 prime?
False
Is 682547 prime?
True
Is 30828133 composite?
True
Is 5195887 a composite number?
False
Is 2195927 composite?
True
Is 26939687 a composite number?
True
Is 24165557 a prime number?
False
Is 914237 prime?
True
Is 2604847 prime?
False
Is 27363281 prime?
False
Is 245383 prime?
True
Is 2410027 composite?
False
Is 8212115 composite?
True
Is 1204279 composite?
False
Is 181191691 a composite number?
False
Is 62370887 a prime number?
False
Is 11836169 a prime number?
True
Is 24282523 a composite number?
False
Is 185998991 prime?
False
Is 58889 a composite number?
False
Is 12660721 a composite number?
False
Is 3208091 a prime number?
True
Is 2669155 composite?
True
Is 457145179 prime?
False
Is 31711259 a composite number?
False
Is 73228409 a prime number?
True
Is 1845341 a prime number?
False
Is 2205727 a composite number?
True
Is 507643 a prime number?
False
Is 484741979 prime?
True
Is 54166723 a prime number?
False
Is 2610469 a composite number?
True
Is 20063003 a prime number?
False
Is 14809777 a prime number?
False
Is 95649131 prime?
True
Is 425339 a prime number?
False
Is 827967691 composite?
True
Is 2945681 a composite number?
True
Is 28529143 prime?
False
Is 148807 composite?
True
Is 167639 a prime number?
False
Is 45784289 a composite number?
True
Is 53880517 a composite number?
True
Is 17769599 a prime number?
True
Is 17751863 a composite number?
False
Is 1596103 a composite number?
True
Is 817379 composite?
False
Is 82606803 prime?
False
Is 29893309 composite?
False
Is 631059173 composite?
True
Is 7819433 a composite number?
True
Is 7261 composite?
True
Is 14249087 a prime number?
False
Is 47586661 prime?
False
Is 19737538 a composite number?
True
Is 34438769 composite?
False
Is 343571 a prime number?
False
Is 16627789 composite?
False
Is 426870481 a prime number?
False
Is 9237793 a composite number?
True
Is 2079709 a prime number?
True
Is 36123839 composite?
True
Is 229599973 a composite number?
False
Is 1562290391 composite?
False
Is 250363331 a composite number?
False
Is 218265043 a prime number?
True
Is 37989079 a prime number?
True
Is 1874099 a composite number?
False
Is 92923697 a prime number?
True
Is 52609087 prime?
True
Is 722479451 prime?
True
Is 180029615 composite?
True
Is 6812161 a prime number?
True
Is 66763 a prime number?
True
Is 243577 a prime number?
True
Is 1109371 a prime number?
False
Is 12707957 composite?
True
Is 38809523 a composite number?
True
Is 340122491 a composite number?
False
Is 425515 prime?
False
Is 488569 a prime number?
False
Is 3305377 a composite number?
False
Is 4366577 a prime number?
True
Is 201648103 prime?
True
Is 140213873 composite?
False
Is 6133727 composite?
False
Is 22047097 composite?
False
Is 28345613 a prime number?
False
Is 177301739 a composite number?
False
Is 7220359 a prime number?
False
Is 131034899 a composite number?
False
Is 3163663 prime?
True
Is 46623271 composite?
True
Is 1407269 composite?
True
Is 167560597 a prime number?
True
Is 23413843 a prime number?
True
Is 209678921 composite?
False
Is 809981 a composite n